
Let v(a) = -a**3 - 25*a**2 - 11*a + 445. Calculate v(-5).
0
Let n(x) = -11*x**2 - 121*x + 654. Determine n(-15).
-6
Let z(o) = -133*o - 1713. Determine z(-13).
16
Let d(j) = j**3 + 2*j**2 - 15*j + 23. Calculate d(-5).
23
Let g(p) = 2*p**3 + 26*p**2 + 29*p + 72. What is g(-12)?
12
Let l(s) = 32*s + 1527. Determine l(-39).
279
Let w(f) = f**3 + 111*f**2 + 1264*f - 979. Give w(-98).
1
Let l(b) = 3*b**3 - 14*b**2 - 57*b + 35. Calculate l(-4).
-153
Let j(u) = -11*u**2 + 65*u - 24. Calculate j(6).
-30
Let r(p) = 45*p + 6767. Give r(-151).
-28
Let j(c) = -20*c**2 - c + 3. Calculate j(1).
-18
Let g(l) = l**3 + 13*l**2 - 37*l - 101. Determine g(-15).
4
Let y(g) = -g**2 - 176*g - 7556. What is y(-74)?
-8
Let z(p) = 490*p + 5379. Give z(-11).
-11
Let z(d) = 369*d + 8124. Determine z(-22).
6
Let w(l) = -5*l**2 - 259*l - 526. Calculate w(-2).
-28
Let g(y) = 2*y + 9. Calculate g(-29).
-49
Let m(o) = o**3 + 31*o**2 + 66*o + 245. Determine m(-29).
13
Let h(q) = 3*q**3 + 19*q**2 + 5*q + 4. Determine h(-6).
10
Let k(t) = -521*t - 77107. Determine k(-148).
1
Let l(h) = -4*h**3 + 3*h**2 + 10*h + 14. What is l(-2)?
38
Let l(f) = 3*f**2 + 17*f + 45. Calculate l(-4).
25
Let i(c) = -9*c**2 - 387*c + 75. Calculate i(-43).
75
Let m(k) = -103*k**2 - 824*k + 7. What is m(-8)?
7
Let i(k) = -k**3 - 136*k**2 + 559*k - 141. Determine i(-140).
-1
Let i(d) = d**2 + 55*d + 451. Calculate i(-45).
1
Let r(m) = -m**2 - 1128*m + 7942. Give r(7).
-3
Let u(h) = -h**3 + 9*h**2 - 29*h + 36. Determine u(2).
6
Let h(m) = 41*m**2 - 4*m + 6. What is h(1)?
43
Let r(h) = h - 59. Give r(-11).
-70
Let b(v) = -12*v - 233. Determine b(-22).
31
Let o(x) = -x**2 + 2352*x - 90206. Determine o(39).
1
Let h(r) = -30*r - 1407. Give h(-47).
3
Let a(k) = -54*k + 3132. Give a(58).
0
Let o(d) = d**2 - 5*d - 105. Determine o(-6).
-39
Let k(u) = 66*u + 3357. Determine k(-51).
-9
Let r(b) = -134*b + 7488. Calculate r(56).
-16
Let v(h) = 33*h + 713. What is v(-21)?
20
Let y(v) = 9*v**2 + 56*v + 267. Determine y(-4).
187
Let n(o) = o**3 + 21*o**2 + 61*o + 10. What is n(-18)?
-116
Let v(u) = 5*u**2 + 90*u + 22. Give v(-11).
-363
Let y(q) = q - 66. What is y(-6)?
-72
Let y(f) = -28*f + 667. What is y(24)?
-5
Let g(u) = u**3 - 41*u**2 + 154*u - 26. Give g(4).
-2
Let x(h) = -h**3 - h**2 + 8*h - 6. Give x(2).
-2
Let p(q) = -q**2 - 2254*q + 15839. Calculate p(7).
12
Let m(w) = -77*w + 287. Give m(4).
-21
Let k(s) = 4*s**2 - 152*s - 502. Give k(41).
-10
Let h(v) = 8*v + 107. Calculate h(-18).
-37
Let x(l) = -l**3 + 16*l**2 + 16*l + 161. Give x(18).
-199
Let m(c) = 137*c - 663. Calculate m(5).
22
Let f(d) = -31*d - 12464. Give f(-402).
-2
Let c(i) = -10*i - 21. Calculate c(4).
-61
Let k(b) = 6181*b + 18537. What is k(-3)?
-6
Let a(f) = -f**3 - 3*f**2 + 62*f + 169. Determine a(-5).
-91
Let c(k) = -162*k - 802. Give c(-5).
8
Let j(a) = -15*a - 388. Determine j(21).
-703
Let o(q) = 2*q + 152. Determine o(-32).
88
Let g(x) = -31762*x + 95289. What is g(3)?
3
Let v(a) = a**2 + 1139*a - 41081. Give v(35).
9
Let f(w) = -3*w**3 - 34*w**2 - 7*w - 20. Determine f(-11).
-64
Let j(n) = 2*n**3 - 2*n**2 + 6*n - 55. Determine j(4).
65
Let q(l) = 7*l + 17. Give q(36).
269
Let w(i) = -i**2 - 11*i + 77. Give w(-13).
51
Let n(a) = 115*a**2 + 1268*a + 33. Calculate n(-11).
0
Let h(z) = 37*z**2 + 104*z - 19. Determine h(-3).
2
Let q(b) = 170*b - 306. Calculate q(2).
34
Let t(r) = -3*r**3 + 27*r**2 + 33*r - 21. Calculate t(10).
9
Let n(t) = t**2 + 46*t - 1859. What is n(26)?
13
Let r(u) = 4*u**3 - 16*u**2 + 25*u + 6. What is r(2)?
24
Let m(h) = h**3 - 16*h**2 - 11. Determine m(16).
-11
Let i(j) = -7*j - 39. What is i(11)?
-116
Let d(t) = 19*t**3 - 437*t**2 + 3. Determine d(23).
3
Let x(g) = -g**3 + 13*g**2 - 7*g - 25. Determine x(12).
35
Let b(m) = m**3 + 20*m**2 + 17*m - 59. What is b(-19)?
-21
Let g(o) = -6*o - 152. What is g(-21)?
-26
Let j(l) = -2*l**3 + 2*l**2 + 37*l - 188. Calculate j(5).
-203
Let z(a) = a**2 - 15*a - 240. What is z(-6)?
-114
Let a(q) = -3*q**2 - 7*q - 17. Calculate a(-4).
-37
Let v(h) = 2*h**2 + 129*h + 958. What is v(-56)?
6
Let j(n) = n**2 - 16*n - 2288. Give j(-41).
49
Let s(n) = -239*n - 28923. What is s(-121)?
-4
Let p(n) = 729*n**3 + 4*n**2 - 54*n - 57. Give p(-1).
-728
Let z(i) = -288*i + 127. Give z(-1).
415
Let w(a) = 3*a**2 + 51*a - 57. Calculate w(-18).
-3
Let n(x) = 3*x**2 - 39*x - 599. Give n(22).
-5
Let h(o) = -o**3 + 98*o**2 - 2001*o - 4. What is h(69)?
-4
Let w(c) = 167*c + 25. Determine w(-1).
-142
Let p(j) = -25*j + 271. Determine p(10).
21
Let d(s) = 2*s**3 - 19*s**2 - 55*s - 1. Give d(3).
-283
Let r(i) = -25*i - 778. Determine r(-29).
-53
Let g(x) = -x**3 - 5*x**2 + 15*x + 10. Determine g(-7).
3
Let t(d) = 535*d**2 + 1048*d - 4. What is t(-2)?
40
Let t(g) = g**2 - 181*g + 1021. What is t(6)?
-29
Let y(x) = 1710*x + 138504. Give y(-81).
-6
Let w(y) = 6*y**3 - 4*y**2 + 10*y + 1. What is w(-5)?
-899
Let f(l) = 4*l**2 + 202*l + 830. Give f(-46).
2
Let p(s) = -153*s**2 + 4900*s - 118. What is p(32)?
10
Let h(x) = x**3 - 10*x**2 - x - 204. Calculate h(12).
72
Let v(s) = -433*s - 502. Determine v(-1).
-69
Let w(a) = -2*a**2 + 6*a + 29. What is w(5)?
9
Let v(j) = -j**3 + j**2 + 21*j - 23. Calculate v(5).
-18
Let h(q) = 117*q - 588. What is h(5)?
-3
Let p(h) = 168*h**2 + h - 6. What is p(0)?
-6
Let t(n) = n**3 + 15*n**2 + 6*n - 48. Determine t(-13).
212
Let p(b) = -2*b**2 - 16*b - 55. What is p(-7)?
-41
Let t(w) = 13*w - 491. What is t(36)?
-23
Let r(t) = 4*t + 210. Calculate r(-66).
-54
Let j(w) = 60*w**2 + 1497*w - 81. What is j(-25)?
-6
Let h(l) = -l**3 - 16*l**2 - 44*l + 159. Determine h(-10).
-1
Let n(w) = w**2 - 13*w - 2035. Determine n(51).
-97
Let v(b) = 441*b - 1317. Give v(3).
6
Let m(p) = 5*p**3 + 3*p**2 - 7*p + 13. Determine m(3).
154
Let s(l) = -l**3 + 24*l**2 + 37*l + 25. Give s(26).
-365
Let w(u) = 3450*u - 3443. Calculate w(1).
7
Let n(h) = -70*h - 130. Determine n(-2).
10
Let d(w) = -w**3 + 13*w**2 + 828*w + 125. Determine d(36).
125
Let n(x) = 2*x**2 + 254*x - 2155. What is n(8)?
5
Let y(l) = -l**3 - 6*l**2 + 55*l + 234. Give y(-8).
-78
Let n(h) = 209*h + 913. Give n(-5).
-132
Let h(j) = 6*j**2 + 36*j - 162. Determine h(3).
0
Let h(y) = -147*y - 10725. Give h(-73).
6
Let x(b) = 2*b**3 - 65*b**2 - 53*b + 2688. What is x(32)?
-32
Let z(f) = -17*f**3 - 4*f**2 + 7*f + 3. Determine z(2).
-135
Let q(n) = -n**3 - 5*n**2 + 51*n + 223. Calculate q(-6).
-47
Let n(t) = t**3 + 24*t**2 + 37*t - 47. Calculate n(-22).
107
Let z(s) = -2*s**2 - 49*s + 416. Calculate z(9).
-187
Let c(w) = 189*w - 1379. Calculate c(8).
133
Let v(j) = 6*j**2 + 12*j - 163. Give v(-6).
-19
Let y(h) = -h**3 - h**2 + 17*h + 16. What is y(-6)?
94
Let c(o) = 67*o + 287. What is c(-4)?
19
Let b(j) = j**3 - 50*j**2 - 2*j - 74. What is b(50)?
-174
Let c(l) = -145*l + 569. Determine c(4).
-11
Let s(x) = -x**3 - 52*x**2 - 73*x + 1375. Determine s(-50).
25
Let p(o) = -9*o**3 + 14*o**2 - 13*o - 2. Determine p(1).
-10
Let n(x) = -4*x**2 - 681*x + 7022. Calculate n(-180).
2
Let n(z) = -2*z**2 - 197*z - 3077. Determine n(-79).
4
Let b(a) = 3*a**2 - 28*a + 140. What is b(6)?
80
Let h(y) = -595*y + 4834. Determine h(8).
74
Let h(r) = r**3 + 9*r**2 + 51*r + 256. Calculate h(-7).
-3
Let z(j) = 10*j - 73. What is z(-5)?
-123
Let f(g) = g**3 - 15*g - 4. Calculate f(-4).
-8
Let h(b) = b**2 + 20*b - 1219. Determine h(27).
50
Let k(b) = -10*b**2 - 342*b - 63. Give k(-34).
5
Let a(z) = 5*z**3 + 23*z**2 - 20*z - 117. Calculate a(-5).
-67
Let l(p) = p**3 + 9*p**2 - 139*p + 9. What is l(8)?
-15
Let h(s) = 138*s**2 + 152*s. Determine h(-1).
-14
Let o(j) = -66*j - 117. Determine o(-6).
279
Let b(j) = -163*j - 1784. Determine b(-11).
9
Let p(z) = 19*z - 48. Determine p(2).
-10
Let n(a) = -6*a - 115. Determine n(15).
-205
Let y(z) = -2201*z + 2189. Calculate y(1).
-12
Let z(l) = -48*l + 769. Give z(4).
577
Let a(j) = j**3 - 60*j**2 + 112*j + 339. Give a(58).
107
Let u(d) = d**2 + 58*d + 353. Calculate u(-51).
-4
Let i(z) = z**3 - 80*z**2 + 159*z - 241. Calculate i(78).
-7
Let f(q) = 6*q - 222. What is f(35)?
-12
Let m(z) = -4*z**3 - 2*z**2 + 5*z + 1. Calculate m(-3).
76
Let b(y) = -y**3 + y**2 + 14*y + 95. Calculate b(6).
-1
Let t(y) = y**3 + 149*y**2 + 4*y + 599. Give t(-149).
3
Let j(p) = p**2 - 44*p + 257. Determine j(7).
-2
Let a(n) = -4*n**2 + 7